 2*x + 13818 = 0, 4*p + x + 3815 = 59094. What is the units digit of p?
0
Suppose 2*i = i + 776. Suppose 5*g + 2*p - i - 2038 = 0, -4*g - 3*p + 2247 = 0. Suppose 15*r - 13*r = g. What is the tens digit of r?
8
Suppose 0 = -17*m + 55*m + 17606 - 994396. What is the ten thousands digit of m?
2
What is the hundreds digit of (1 + (0 - 0))/(941/541075)?
5
Let y(q) = 5*q**2 + 2 + 11*q**2 + 2*q - 4*q**2. Let c(v) = 4*v**2 - 35*v - 51. Let n be c(10). What is the units digit of y(n)?
2
Let g(x) = -489*x + 41. Let i(f) = -326*f + 27. Let y(n) = 5*g(n) - 8*i(n). Let w be y(3). Suppose 74 + w = 4*p. What is the hundreds digit of p?
1
What is the thousands digit of ((80/12)/(-10))/((-6 + 7)/(-16956))?
1
What is the hundreds digit of (-3*44696/(-24) - -2) + 10?
5
Suppose 0 = -5*g + o + 10, 0 = g + 3*g + 2*o - 22. Let h(r) = 30*r + 15*r**2 + 37 - 14*r**g - 13*r + 13*r**3. What is the tens digit of h(16)?
5
Suppose 0 = -j + w + 727, 2*w = -6*j + 4*j + 1462. Let a = 506 + j. What is the tens digit of a?
3
Suppose 25546*m + 67408 = 25554*m. What is the hundreds digit of m?
4
Suppose -2*h = -4*v + 1400, 0 = -v - 2*h + 221 + 124. Let a = 632 - v. What is the units digit of a?
3
Let w(d) = d**3 + 12*d**2 + 2*d - 15. Let g be w(-6). Suppose -g + 1941 = 4*k. Suppose 3*y + k = 6*y. What is the hundreds digit of y?
1
Let z = -21287 - -35272. What is the ten thousands digit of z?
1
Let g(r) = -1297*r**2 - 19*r - 2. Let j be g(-1). Let p = 1988 + j. What is the hundreds digit of p?
7
Let x(u) = 7267*u**3 + 4*u**2 - 3*u + 12. Let v be x(3). What is the units digit of (-1)/(-6) + v/144?
3
Let f(q) = -9 - 5 + q**2 + 9*q + 17 - 4. Let y be f(-8). What is the tens digit of y/(2 - (-335)/(-160))?
9
Let p(v) = -3*v**3 + 22*v**2 - 10*v + 24. Let n be p(7). Suppose -2*c + 7225 = 5*l, 54*l = 49*l - n*c + 7225. What is the thousands digit of l?
1
Suppose 0*q + 6*q - 11070 = 0. Suppose -7557 = -8*j - q. What is the tens digit of j?
1
Suppose -45*n + 30 = -40*n. Suppose -4*s = -4*o - 3528, -2*s + n*s = 3*o + 3525. What is the hundreds digit of s?
8
Let b(g) be the third derivative of -g**6/120 - 3*g**5/20 - g**4/24 - 19*g**3/6 - 9*g**2. Let l be b(-9). What is the units digit of 4 + (138 - l/(-5))?
0
Let f be 323/17 - (4 + -1). Suppose 14 = 3*s + 4*p - 34, s - f = 2*p. What is the tens digit of s?
1
Let s(r) = -5*r - 23. Let t be s(-5). Suppose -3*z - 4*j - 228 = -j, t*z - 5*j = -166. Let y = -2 - z. What is the units digit of y?
6
Let h = -38 - -53. Suppose -a - w = -6*a + 29, -a - 5*w - h = 0. What is the tens digit of 80 + -2 + a + 12/(-3)?
7
Let b = 3823 - 2374. Let j = b - 83. What is the units digit of j?
6
Suppose x = 0, -3*v + 8 = v - 3*x. Suppose 2*r - r = -v*r. Suppose r = -22*p + 20*p + 130. What is the tens digit of p?
6
What is the ten thousands digit of -3*(-110424)/(-16)*(-4)/6?
1
Let u = 27732 + 4852. What is the units digit of u?
4
Suppose 4*z - 3*m = 10 + 8, 0 = -2*z - m + 14. Suppose -5*n = -z*n + 108. What is the hundreds digit of n?
1
Let k = 96 + -93. Suppose 2*i - 4*b = 0, k*i + 4*b = -2*i + 14. Suppose v = -3*y - 166 + 775, 414 = i*y - 2*v. What is the hundreds digit of y?
2
Let k(j) = -j**2 + 5*j - 2*j**3 + 7 + j**2 - 13. Let n be k(4). What is the tens digit of (-1)/(-2 + (-225)/n)?
3
What is the hundreds digit of (0 - (-9659 + -2))/(24 - (14 + 9))?
6
Suppose -40*w + 56259 = -w - 73572. What is the units digit of w?
9
Let p(s) = -62*s**3 + 121*s**3 + 1 - 4*s**2 - 58*s**3 - 12*s + 13. Let u be (-4)/(-6) - (-64)/12. What is the units digit of p(u)?
4
Let r(x) = 2*x**2 - 11*x - 29. Let j be r(12). Suppose 11*q = 12*q - j. What is the tens digit of q?
2
Suppose -4*v + 30 = 3*w, -v + 42 = 5*w + 3*v. What is the units digit of -6 - (1 - 187 - w)?
6
Suppose 3*z - 8*z - 45 = 0. Let a = 2403 - 2296. Let w = a + z. What is the units digit of w?
8
Suppose w = -0*w + 1894 + 14508. What is the ten thousands digit of w?
1
Let n = 22409 - 13483. What is the hundreds digit of n?
9
Let q be (2 + 6/3)/4. Let o be 0 + (q/(-1) - 3). Let t = 27 - o. What is the tens digit of t?
3
Suppose -7*x = s - 2*x - 46937, -4*s = -4*x - 187940. What is the thousands digit of s?
6
Let q(y) = 500*y**2 - 112*y + 131. What is the units digit of q(-10)?
1
Let w(p) be the first derivative of -p**4/4 + 2*p**3 - 4*p**2 + 9*p + 1. Suppose -3*y + 11 = 5*t, y - 13 = -3*t - t. What is the units digit of w(t)?
9
Suppose 5*a - 13 = 3*z + 8, -10 = -2*a + 2*z. Suppose -2*p - a*p = p. Suppose -2*y + 362 = -4*r, r + 2*r - 15 = p. What is the tens digit of y?
9
Let o be 2*(-1)/((-3 + 5)*1). Let u = 2 - o. Suppose 2*w + u*w = -4*a + 280, -2*w - 2*a = -114. What is the units digit of w?
2
Let p = 135 - 120. Suppose 0 = p*m - 233 - 4642. What is the units digit of m?
5
Let c(f) = 45*f**2 - 187*f + 188. What is the ten thousands digit of c(23)?
1
Let x be ((-42)/(-4))/((-27)/(-16902)). Suppose -5*u - 98 = -x. What is the thousands digit of u?
1
Let a(y) = 348*y**2 + 116*y + 288. What is the thousands digit of a(-3)?
3
Let f(m) = -2*m**3 - 10*m**2 + m + 8. Let q = -26 + 20. Let z be f(q). Let g = 6 + z. What is the units digit of g?
0
Let s be (-1)/(-2)*9*2. Suppose 0 = -4*x + j + 14, -188*x + 184*x - 5*j + 2 = 0. Suppose x + s = m. What is the tens digit of m?
1
Let f(s) = -49*s - 4. Let t be f(-3). Let o = t - 27. What is the hundreds digit of o?
1
Suppose 33 = 9*n - 12. Suppose n*q + o - 1590 = 0, -5*q = -o - 1393 - 187. What is the hundreds digit of q?
3
Let f(m) = m**2 - 28*m - 2. Let j be f(28). What is the units digit of -198*((-289)/238 - j/(-7))?
7
Suppose -4*p - 73521 = -3*i, i - 3*p = 3007 + 21500. What is the thousands digit of i?
4
Suppose -161 = -20*c - 61. Suppose 0*v = -2*v. Suppose 3*p - 7*p + 5*j + 396 = 0, c*j + 20 = v. What is the tens digit of p?
9
Let q = 929 - 569. Suppose 3*x = 5*h + 350, h - 4*h = -3*x + q. Suppose -45 = s - x. What is the units digit of s?
0
Suppose -95*q + 13519504 = 36*q + 33*q. What is the hundreds digit of q?
4
Let i(v) = 3*v**2 + v - 4. Suppose -4*k = -3*t - 14, 3*k - t = -0 + 13. Let p be (-7)/14 + k/2. What is the tens digit of i(p)?
1
Let b be 300/(-40)*(-2)/5*1. Suppose n + 2*d - 225 = 0, 5*d - 670 = -6*n + b*n. What is the tens digit of n?
1
Suppose -2*l - 46 = -5*g, -18*g - 5*l = -14*g - 50. Let m(y) = 2*y**3 - 12*y**2 - 17*y + 30. What is the units digit of m(g)?
0
Suppose t = n - 403 - 334, 5*n + 3*t - 3693 = 0. What is the units digit of n?
8
Let m(d) = 812*d**3 + 2*d**2 + 3*d - 6. Let y(v) = -406*v**3 - v**2 - v + 3. Let x(l) = 4*m(l) + 9*y(l). What is the units digit of x(-1)?
5
Suppose 12*l + 18*l = 25*l. Suppose 19*r + 8565 - 28078 = l. What is the units digit of r?
7
Let t(f) = f**2 - 5*f - 4. Suppose -4*u + 96 = 5*n, -6*u + 8*u = -4*n + 54. What is the tens digit of t(u)?
6
Let r(p) = 454*p**2 - p + 1. Let t be r(1). Suppose 2*m + x - t = 0, 3*m = -x + 2*x + 671. Suppose 7*a - m = 2*a. What is the tens digit of a?
4
Let f = 6027 + 22. Suppose 4*d - g + 334 = f, -1435 = -d - g. What is the hundreds digit of d?
4
Let f(i) = i + 26. Let m be f(-11). Suppose m*d - 89 - 1816 = 0. What is the units digit of d?
7
Suppose 0 = -3*g + 4*g - 178. Let x = -256 + 261. Suppose -x*y + y = -3*a + g, a - 56 = 2*y. What is the units digit of a?
6
Let w(n) = -n + 7. Let t be w(7). Let b(l) = 8*l + 314. What is the hundreds digit of b(t)?
3
Let q = 61 - 63. Let h = q - -7. Suppose -4*v = -0*v, 0 = -4*u + h*v + 952. What is the tens digit of u?
3
Suppose 1771 = -2*u - 0*w + 5*w, -6*w + 3546 = -4*u. What is the units digit of 183/(-4)*(6 + u/36)?
4
Suppose -4*a + 5*y + 1382 = 0, -2*a - 2*y + 700 = -0*y. Suppose 4*n + 3*u = a, 2*n - n - u = 94. What is the units digit of (-8)/6 - (-3720)/n?
0
Suppose 5*f - 196927 = 4*g, 462*f + 4*g = 461*f + 39419. What is the thousands digit of f?
9
Let x(i) = i**3 - 4*i**2 + i - 12. Let c be (-45)/(-10) - (-3 - 7/(-2)). Suppose v + c = 5*p, 3*v - 2*v + 5*p - 16 = 0. What is the units digit of x(v)?
6
Let d(j) be the third derivative of j**6/120 + j**4/12 + 35*j**3/2 + 22*j**2 - 2*j. What is the hundreds digit of d(0)?
1
Suppose 0 = -5*v + 3*o - 9, 3*v + 5*o - 15 = -0*o. Suppose 215*n - 211*n - 1200 = v. What is the tens digit of n?
0
Let w be (1*6392 - 1)*1. Suppose w = 2*t - 4329. What is the hundreds digit of ((-8)/20)/((-8)/t)?
2